 = r + 76 - 79. Calculate the remainder when a is divided by r.
1
Suppose 6*d = -3*y + 5*d + 40, -7*y + 2*d + 102 = 0. What is the remainder when 4/((-8)/(-138))*1 is divided by y?
13
Let o(c) = -c**2 - 27*c - 155. Calculate the remainder when 75 is divided by o(-11).
12
Let l(i) = 15*i**2 - i + 1. Calculate the remainder when ((-7)/2 - -5)/((-2)/(-36)) is divided by l(1).
12
Let r be 4/22 - (-6813)/99. Suppose -5*i + r = 9. Calculate the remainder when 455/30 + (-2)/i is divided by 6.
3
Let o = 1823 - 1683. What is the remainder when o is divided by 44?
8
Let c(x) = -x**3 - 4*x**2 + 3*x - 10. Let i be c(-5). Suppose -2*h + 4*l + 146 = 0, i*h + 4*l = -2*h + 162. What is the remainder when h is divided by 28?
21
Suppose -4*y = j - 7, -3*j + 4*j + 5*y - 5 = 0. What is the remainder when 8 is divided by (1*2)/(0 + 6/j)?
3
Let t(s) = 6*s + 3. Let c be t(-2). Let a = 125 + -102. Let h = a + c. Calculate the remainder when 26 is divided by h.
12
Suppose -o = 2*f + 2*o - 44, -3*f - 2*o + 61 = 0. Let s = f - 5. What is the remainder when s is divided by 1/3 + (-11)/(-3)?
2
What is the remainder when (141 + -123)/(6/(-8) - -1) is divided by 2?
0
Let s(i) = -5*i - 1. Suppose -v = 3*v - 72. Let g = 15 - v. Calculate the remainder when 68 is divided by s(g).
12
Let r = -62 - -113. Suppose 5*t = -3*m + 2*m - r, -m - 35 = -3*t. Let y = -26 - m. Calculate the remainder when 40 is divided by y.
10
Suppose -2*d + 325 = 65. What is the remainder when d is divided by 20?
10
Suppose 0 = 5*d - 2*d + 18. Let i be (-30)/25*15/d. Suppose i*q + 96 = 3*g, q - 98 = -4*g - q. Calculate the remainder when 105 is divided by g.
24
Let m(x) be the first derivative of -2*x**2 - 28*x - 4. What is the remainder when 19 is divided by m(-8)?
3
Suppose 3*p - 23 = 5*l, -4*p - 53 = -9*p + l. What is the remainder when 128 is divided by p?
7
Suppose -74*w + 324 = 28. Calculate the remainder when 195 is divided by w.
3
Suppose -3*k + 0*b - 5*b + 46 = 0, 4*k - 4*b = 72. Calculate the remainder when (2 - 805/(-10))*(-4)/(-5) is divided by k.
15
Let d(n) = n**3 - 7*n**2 - 19*n + 44. What is the remainder when 63 is divided by d(9)?
28
Let q(y) = -3*y - 69. Calculate the remainder when 2140 is divided by q(-26).
7
Let o(h) = h + 33. Let g = 50 - 36. Let u(d) = 6*d - 6. Calculate the remainder when o(g) is divided by u(5).
23
Suppose -5*y = -y - 156. Let x be 9/(-2)*(3 + (-95)/3). Suppose 0 = 12*p - 39 - x. Calculate the remainder when y is divided by p.
11
Let z = -12 + 25. Let d = 16 + 17. Calculate the remainder when d is divided by z.
7
Suppose 3*q - 60 = 24. What is the remainder when ((-184)/(-20) + -10)/((-2)/135) is divided by q?
26
Let b(n) = n**2 - 11*n + 8. Let p be b(8). Let u = 24 + p. Calculate the remainder when 15 is divided by u.
7
Suppose -d - 3*d + 5*u + 130 = 0, 5*d = -5*u + 185. Calculate the remainder when 122 is divided by d.
17
Let x = 86 + -153. Calculate the remainder when -1 - x - -1*(-1 + 5) is divided by 9.
7
Suppose 4*f - 201 + 9 = 0. Suppose g + 2*g - f = 0. Calculate the remainder when 78 is divided by g.
14
Let k(o) = 85*o - 478. Calculate the remainder when 447 is divided by k(6).
31
What is the remainder when (1872/(-546))/((-16)/14 - -1) is divided by 8?
0
Let s = 60 - 66. Let c(m) = -4*m - 7. Calculate the remainder when c(s) is divided by ((-6)/5)/(2/(-10)).
5
Let k be -4*((-12)/(-8) + -1). Let g = 15 + k. Calculate the remainder when g is divided by 8.
5
Let u = -818 - -861. Calculate the remainder when 126 is divided by u.
40
Let p(j) = -j**2 - 10*j - 15. Let x = -2 - -7. Calculate the remainder when p(-5) is divided by x.
0
What is the remainder when 43 is divided by (-1)/5 - 182/(-35)?
3
Suppose -5*a - 17 = -n + 108, 5*n - 505 = -5*a. Calculate the remainder when n is divided by 29.
18
Suppose 8*u = 301 + 99. Calculate the remainder when 236 is divided by u.
36
Suppose -j + 2 = 2*h, -j - 3*j + 20 = -4*h. Let d = 35 + -8. What is the remainder when d is divided by h + (0 - 0) - -11?
7
Let f be ((-1)/(-3))/((-1)/(-18)). Let m(r) = 2*r + 2. Calculate the remainder when m(f) is divided by 5.
4
Let i(m) = 3*m**3 + 4*m**2 - 13*m + 33. Calculate the remainder when i(3) is divided by 58.
53
Let o(f) = f**2 - 5*f - 3. Let x be o(5). Let u = x - -12. Suppose -2*d + u + 65 = 0. What is the remainder when d is divided by 13?
11
Suppose 205 = 2*z - 3*p, -4*z + p = -6*z + 217. Let k = z - 94. Calculate the remainder when 36 is divided by k.
10
Let o(x) be the second derivative of x**3/3 + 27*x**2/2 - 14*x. Calculate the remainder when 53 + (3 - 2 - 0) is divided by o(-8).
10
What is the remainder when (-5)/(-1) + (-300)/(-2) + 3 is divided by 32?
30
Let p(o) = 2*o**2 - 2*o + 39. Calculate the remainder when 1247 is divided by p(0).
38
Suppose -3*p = -3*w - 6084, 3*p - w = -2*w + 6092. Calculate the remainder when 6/8 - p/(-56) is divided by 5/(-2*2/(-8)).
7
Let b = 37 + 105. Let h = b - 116. Calculate the remainder when h is divided by 6.
2
Suppose -r - 5*q - 100 = -0*r, -2*r - 208 = 2*q. Calculate the remainder when (-4)/6*r + -3 is divided by 10.
7
What is the remainder when 154 is divided by -1 - -32 - (-20)/(-110)*22?
19
Let t(g) = g**3 + 14*g**2 + g + 17. Let x be t(-14). Suppose 1 - 7 = -x*f. Suppose u - 3*u = -12. Calculate the remainder when u is divided by f.
0
Suppose -305*p + 289*p + 16 = 0. Calculate the remainder when 244 is divided by p.
0
Let z be (0 + -3)/(6/(-4)). What is the remainder when (-2)/(-8) - (-211)/4 is divided by (z/2)/(6/108)?
17
Let b be -3 - (-4 + -2 + 1). Suppose 9 = b*a - 1. Suppose 2*r = 4*h + 40, 3*h = 4*r + 5*h - 40. What is the remainder when r is divided by a?
2
Calculate the remainder when 167 is divided by (8/4)/((-5)/(-20)).
7
Let z = -426 - -443. Let w(f) be the second derivative of f**5/20 - 7*f**4/12 + f**2/2 - 2*f. Calculate the remainder when w(8) is divided by z.
14
Suppose -22*r + b - 206 = -25*r, 342 = 5*r + 3*b. Calculate the remainder when r is divided by 54.
15
Suppose 0 = -2*b - j + 48, -b - j - 27 = -2*b. Suppose -21*z = 30 - 177. What is the remainder when b is divided by z?
4
Suppose -249*v + 287 = -242*v. Calculate the remainder when 311 is divided by v.
24
Let w(o) = o**2 + 3*o + 20. Let n be w(5). Let y = -40 + n. What is the remainder when 177 is divided by y?
17
Let m = 316 - 339. Let a(v) = -40*v + 1. Let l be a(-1). Let x = m + l. Calculate the remainder when x is divided by 10.
8
Let l(n) = 6*n**2 - 26*n + 115. Calculate the remainder when l(4) is divided by 2/(-7) - (-312)/14.
19
Suppose 2*c - 170 - 33 = -3*k, -c = -1. Suppose -3*v + 11 + k = 0. Let o = 43 - 34. What is the remainder when v is divided by o?
8
Suppose -2*v = -5*b + 897, -6*b - 4*v + 354 = -4*b. What is the remainder when b is divided by 13?
10
Let n be (12/42)/((-2)/(-14)). Suppose f = -n*f + 264. Let u(y) = -3*y - 1. What is the remainder when f is divided by u(-8)?
19
Suppose -2*g - 40 = -5*i + 12, 5*i - 72 = -3*g. Suppose -154 = 5*c - 34. What is the remainder when -1 - (c - (-2 + 0)) is divided by i?
9
Let a be (-33)/(-1)*(-2)/(-6). Suppose -435*d = -431*d - 344. Let i = a + d. What is the remainder when i is divided by 25?
22
Let i be 30/(-20)*(-14)/3. Suppose -3*j + i + 131 = 0. Calculate the remainder when j is divided by 26.
20
Let k(v) = v - 2. Let h be k(0). Calculate the remainder when -5 - ((-300)/8)/((-15)/(-40)) is divided by (22 - h)*(0 - -1).
23
Suppose -3*p - 5 = 2*a - 21, 4*a - 20 = 0. Suppose -4*j = 3*b - 159, p*b - j - 4*j = 106. What is the remainder when b is divided by 1*15 - (0 + 1)?
11
Let c be (-21)/21 - (-1 + 2). Let z be ((-3)/c)/(13/26). What is the remainder when 105 is divided by (-459)/(-34)*4/z?
15
Suppose 5*h = -2*y + 277, -5*h + 8*h = -y + 167. What is the remainder when 220 is divided by h?
49
Let b(x) = 6*x + 6. Let j be b(-2). Calculate the remainder when 23 - j/(4 - 2) is divided by 14.
12
Suppose 1 = 2*q + 17. Let h(d) = -d**2 - 8*d - 4. Let s be h(q). Calculate the remainder when 2/s - (-177)/6 is divided by 15.
14
Suppose -5038 = -88*f + 81994. Calculate the remainder when f is divided by 32.
29
Suppose -6*v = -8*v - 8. Calculate the remainder when 4 is divided by (5 + v)/1 - 0.
0
Let x = -123 + 216. Suppose -2*v + 28 = s, 4*v + 35 - x = -s. Calculate the remainder when 58 is divided b